d by 221.
211
Calculate the remainder when 923 is divided by 33.
32
What is the remainder when 169 is divided by 33?
4
Calculate the remainder when 412 is divided by 7.
6
Calculate the remainder when 645 is divided by 27.
24
What is the remainder when 18202 is divided by 148?
146
What is the remainder when 5588 is divided by 10?
8
Calculate the remainder when 44 is divided by 27.
17
What is the remainder when 214 is divided by 57?
43
Calculate the remainder when 122 is divided by 17.
3
Calculate the remainder when 536 is divided by 106.
6
Calculate the remainder when 1254 is divided by 410.
24
Calculate the remainder when 134 is divided by 36.
26
Calculate the remainder when 84 is divided by 32.
20
Calculate the remainder when 471 is divided by 25.
21
Calculate the remainder when 1562 is divided by 69.
44
Calculate the remainder when 410 is divided by 108.
86
Calculate the remainder when 13497 is divided by 100.
97
What is the remainder when 1610 is divided by 62?
60
Calculate the remainder when 137 is divided by 33.
5
Calculate the remainder when 334 is divided by 48.
46
Calculate the remainder when 226 is divided by 33.
28
What is the remainder when 19 is divided by 1?
0
Calculate the remainder when 259 is divided by 144.
115
What is the remainder when 1069 is divided by 69?
34
What is the remainder when 264 is divided by 7?
5
Calculate the remainder when 614 is divided by 301.
12
What is the remainder when 80 is divided by 21?
17
What is the remainder when 445 is divided by 141?
22
What is the remainder when 366 is divided by 41?
38
What is the remainder when 512 is divided by 89?
67
Calculate the remainder when 2697 is divided by 551.
493
Calculate the remainder when 53506 is divided by 364.
362
What is the remainder when 57 is divided by 29?
28
What is the remainder when 10 is divided by 3?
1
What is the remainder when 166 is divided by 29?
21
What is the remainder when 427 is divided by 148?
131
Calculate the remainder when 60 is divided by 60.
0
What is the remainder when 4753 is divided by 164?
161
Calculate the remainder when 152 is divided by 21.
5
Calculate the remainder when 43 is divided by 25.
18
What is the remainder when 4728 is divided by 57?
54
Calculate the remainder when 28 is divided by 16.
12
What is the remainder when 115 is divided by 15?
10
Calculate the remainder when 478 is divided by 93.
13
Calculate the remainder when 206 is divided by 36.
26
What is the remainder when 298 is divided by 52?
38
What is the remainder when 103 is divided by 15?
13
What is the remainder when 1088 is divided by 73?
66
What is the remainder when 373 is divided by 141?
91
Calculate the remainder when 913 is divided by 230.
223
What is the remainder when 640 is divided by 90?
10
Calculate the remainder when 2218 is divided by 139.
133
Calculate the remainder when 35 is divided by 12.
11
What is the remainder when 14106 is divided by 4698?
12
What is the remainder when 50873 is divided by 55?
53
What is the remainder when 881 is divided by 291?
8
What is the remainder when 2231 is divided by 32?
23
What is the remainder when 4330 is divided by 26?
14
Calculate the remainder when 443 is divided by 120.
83
What is the remainder when 2108 is divided by 33?
29
Calculate the remainder when 67 is divided by 18.
13
What is the remainder when 314 is divided by 53?
49
Calculate the remainder when 244 is divided by 59.
8
What is the remainder when 43 is divided by 15?
13
What is the remainder when 85 is divided by 15?
10
What is the remainder when 548 is divided by 61?
60
Calculate the remainder when 116 is divided by 79.
37
Calculate the remainder when 597 is divided by 97.
15
Calculate the remainder when 377 is divided by 16.
9
Calculate the remainder when 734 is divided by 140.
34
Calculate the remainder when 135 is divided by 37.
24
What is the remainder when 439 is divided by 92?
71
Calculate the remainder when 154 is divided by 2.
0
What is the remainder when 196 is divided by 40?
36
Calculate the remainder when 109 is divided by 17.
7
Calculate the remainder when 1366 is divided by 57.
55
Calculate the remainder when 61 is divided by 45.
16
What is the remainder when 221 is divided by 83?
55
What is the remainder when 97 is divided by 84?
13
Calculate the remainder when 4223 is divided by 11.
10
What is the remainder when 132 is divided by 50?
32
Calculate the remainder when 277 is divided by 65.
17
Calculate the remainder when 852 is divided by 47.
6
What is the remainder when 5 is divided by 1?
0
Calculate the remainder when 843 is divided by 56.
3
Calculate the remainder when 148 is divided by 29.
3
Calculate the remainder when 702 is divided by 11.
9
What is the remainder when 190 is divided by 54?
28
Calculate the remainder when 55 is divided by 5.
0
What is the remainder when 34927 is divided by 41?
36
Calculate the remainder when 73 is divided by 20.
13
What is the remainder when 90 is divided by 10?
0
What is the remainder when 114 is divided by 41?
32
What is the remainder when 873 is divided by 217?
5
Calculate the remainder when 181 is divided by 96.
85
What is the remainder when 96 is divided by 26?
18
What is the remainder when 185 is divided by 32?
25
What is the remainder when 4339 is divided by 124?
123
What is the remainder when 14 is divided by 14?
0
Calculate the remainder when 236 is divided by 17.
15
Calculate the remainder when 3145 is divided by 25.
20
What is the remainder when 75 is divided by 34?
7
Calculate the remainder when 246 is divided by 8.
6
What is the remainder when 330 is divided by 17?
7
What is the remainder when 3170 is divided by 21?
20
Calculate the remainder when 63 is divided by 20.
3
What is the remainder when 238 is divided by 11?
7
What is the remainder when 8822 is divided by 8?
6
What is the remainder when 388 is divided by 128?
4
What is the remainder when 81 is divided by 37?
7
Calculate the remainder when 115 is divided by 3.
1
Calculate the remainder when 166 is divided by 161.
5
Calculate the remainder when 100 is divided by 28.
16
What is the remainder when 2286 is divided by 76?
6
Calculate the remainder when 70 is divided by 18.
16
Calculate the remainder when 21633 is divided by 18.
15
What is the remainder when 19147 is divided by 50?
47
Calculate the remainder when 1111 is divided by 551.
9
Calculate the remainder when 184 is divided by 26.
2
What is the remainder when 20994 is divided by 247?
246
What is the remainder when 1108 is divided by 9?
1
What is the remainder when 79 is divided by 22?
13
Calculate the remainder when 149 is divided by 4.
1
Calculate the remainder when 1435 is divided by 90.
85
Calculate the remainder when 97 is divided by 45.
7
What is the remainder when 347 is divided by 29?
28
Calculate the remainder when 113 is divided by 30.
23
What is the remainder when 2853 is divided by 946?
15
Calculate the remainder when 303 is divided by 80.
63
What is the remainder when 1256 is divided by 141?
128
Calculate the remainder when 148 is divided by 118.
30
Calculate the remainder when 834 is divided by 17.
1
Calculate the remainder when 52379 is divided by 18.
17
Calculate the remainder when 1279 is divided by 12.
7
Calculate the remainder when 908 is divided by 1.
0
Calculate the remainder when 98 is divided by 27.
17
What is the remainder when 220 is divided by 25?
20
What is the remainder when 765 is divided by 12?
9
What is the remainder when 74 is divided by 23?
5
Calculate the remainder when 788 is divided by 15.
8
Calculate the remainder when 292 is divided by 33.
28
Calculate the remainder when 1851 is divided by 6.
3
Calculate the remainder when 322 is divided by 18.
16
Calculate the remainder when 332 is divided by 32.
12
Calculate the remainder when 96 is divided by 26.
18
What is the remainder when 323 is divided by 103?
14
What is the remainder when 2013 is divided by 126?
123
Calculate the remainder when 196 is divided by 20.
16
What is the remainder when 254 is divided by 247?
7
What is the remainder when 296 is divided by 62?
48
What is the remainder when 264 is divided by 38?
36
What is the remainder when 694 is divided by 51?
31
Calculate the remainder when 6343 is divided by 38.
35
Calculate the remainder when 6659 is divided by 20.
19
What is th